{"id":471,"date":"2020-09-08T19:59:55","date_gmt":"2020-09-08T19:59:55","guid":{"rendered":"https:\/\/www.megadoor.hu\/?page_id=471"},"modified":"2020-09-28T13:15:35","modified_gmt":"2020-09-28T13:15:35","slug":"szunyoghalok","status":"publish","type":"page","link":"https:\/\/www.megadoor.hu\/index.php\/szunyoghalok\/","title":{"rendered":"Sz\u00fanyogh\u00e1l\u00f3k"},"content":{"rendered":"\t\t<div data-elementor-type=\"wp-page\" data-elementor-id=\"471\" class=\"elementor elementor-471\" data-elementor-post-type=\"page\">\n\t\t\t\t\t\t<section class=\"elementor-section elementor-top-section elementor-element elementor-element-30788e47 elementor-section-stretched elementor-section-boxed elementor-section-height-default elementor-section-height-default\" data-id=\"30788e47\" data-element_type=\"section\" data-e-type=\"section\" data-settings=\"{&quot;stretch_section&quot;:&quot;section-stretched&quot;}\">\n\t\t\t\t\t\t<div class=\"elementor-container elementor-column-gap-default\">\n\t\t\t\t\t<div class=\"elementor-column elementor-col-100 elementor-top-column elementor-element elementor-element-2b289f4\" data-id=\"2b289f4\" data-element_type=\"column\" data-e-type=\"column\">\n\t\t\t<div class=\"elementor-widget-wrap elementor-element-populated\">\n\t\t\t\t\t\t<div class=\"elementor-element elementor-element-e89c60a elementor-widget elementor-widget-heading\" data-id=\"e89c60a\" data-element_type=\"widget\" data-e-type=\"widget\" data-widget_type=\"heading.default\">\n\t\t\t\t<div class=\"elementor-widget-container\">\n\t\t\t\t\t<h4 class=\"elementor-heading-title elementor-size-default\">Sz\u00fanyogh\u00e1l\u00f3k t\u00edpusai<\/h4>\t\t\t\t<\/div>\n\t\t\t\t<\/div>\n\t\t\t\t<div class=\"elementor-element elementor-element-2e12c192 elementor-widget elementor-widget-toggle\" data-id=\"2e12c192\" data-element_type=\"widget\" data-e-type=\"widget\" data-widget_type=\"toggle.default\">\n\t\t\t\t<div class=\"elementor-widget-container\">\n\t\t\t\t\t\t\t<div class=\"elementor-toggle\">\n\t\t\t\t\t\t\t<div class=\"elementor-toggle-item\">\n\t\t\t\t\t<div id=\"elementor-tab-title-7721\" class=\"elementor-tab-title\" data-tab=\"1\" role=\"button\" aria-controls=\"elementor-tab-content-7721\" aria-expanded=\"false\">\n\t\t\t\t\t\t\t\t\t\t\t\t<span class=\"elementor-toggle-icon elementor-toggle-icon-right\" aria-hidden=\"true\">\n\t\t\t\t\t\t\t\t\t\t\t\t\t\t\t<span class=\"elementor-toggle-icon-closed\"><i class=\"fas fa-caret-down\"><\/i><\/span>\n\t\t\t\t\t\t\t\t<span class=\"elementor-toggle-icon-opened\"><i class=\"elementor-toggle-icon-opened fas fa-caret-up\"><\/i><\/span>\n\t\t\t\t\t\t\t\t\t\t\t\t\t<\/span>\n\t\t\t\t\t\t\t\t\t\t\t\t<a class=\"elementor-toggle-title\" tabindex=\"0\">Fix sz\u00fanyogh\u00e1l\u00f3<\/a>\n\t\t\t\t\t<\/div>\n\n\t\t\t\t\t<div id=\"elementor-tab-content-7721\" class=\"elementor-tab-content elementor-clearfix\" data-tab=\"1\" role=\"region\" aria-labelledby=\"elementor-tab-title-7721\"><p>A\u00a0fix sz\u00fanyogh\u00e1l\u00f3k\u00a0a legr\u00e9gebben haszn\u00e1lt term\u00e9kek, melyek szinte t\u00f6k\u00e9letes v\u00e9delmet biztos\u00edtanak nem csak sz\u00fanyogok, legyek, darazsak, polosk\u00e1k \u00e9s k\u00fcl\u00f6nf\u00e9le m\u00e1sz\u00f3 \u00e9s rep\u00fcl\u0151 rovarok ellen, hanem a nem sz\u00edvesen l\u00e1tott egerek denev\u00e9rek \u00e9s m\u00e1s r\u00e1gcs\u00e1l\u00f3k ellen is, valamint megakad\u00e1lyozza a leveg\u0151ben sz\u00e1ll\u00f3 szennyez\u0151d\u00e9sek pl. levelek, \u00e1llatsz\u0151r\u00f6k bejut\u00e1s\u00e1t otthonunkba. A\u00a0fix sz\u00fanyogh\u00e1l\u00f3kat\u00a0els\u0151sorban kis ablakokra c\u00e9lszer\u0171 szerelni melyeket szinte mindig nyitva tartunk a szell\u0151ztet\u00e9s \u00e9rdek\u00e9ben. A keretek alum\u00edniumb\u00f3l k\u00e9sz\u00fclnek feh\u00e9r, s\u00f6t\u00e9t barna \u00e9s arany t\u00f6lgy sz\u00ednekben. Nagy m\u00e9retekn\u00e9l \u00e9rdemes a\u00a0f\u00fcgg\u0151legesen\u00a0vagy\u00a0v\u00edzszintesen mozgathat\u00f3 mobil sz\u00fanyogh\u00e1l\u00f3t\u00a0v\u00e1lasztani.<\/p><\/div>\n\t\t\t\t<\/div>\n\t\t\t\t\t\t\t<div class=\"elementor-toggle-item\">\n\t\t\t\t\t<div id=\"elementor-tab-title-7722\" class=\"elementor-tab-title\" data-tab=\"2\" role=\"button\" aria-controls=\"elementor-tab-content-7722\" aria-expanded=\"false\">\n\t\t\t\t\t\t\t\t\t\t\t\t<span class=\"elementor-toggle-icon elementor-toggle-icon-right\" aria-hidden=\"true\">\n\t\t\t\t\t\t\t\t\t\t\t\t\t\t\t<span class=\"elementor-toggle-icon-closed\"><i class=\"fas fa-caret-down\"><\/i><\/span>\n\t\t\t\t\t\t\t\t<span class=\"elementor-toggle-icon-opened\"><i class=\"elementor-toggle-icon-opened fas fa-caret-up\"><\/i><\/span>\n\t\t\t\t\t\t\t\t\t\t\t\t\t<\/span>\n\t\t\t\t\t\t\t\t\t\t\t\t<a class=\"elementor-toggle-title\" tabindex=\"0\">Mobil sz\u00fanyogh\u00e1l\u00f3<\/a>\n\t\t\t\t\t<\/div>\n\n\t\t\t\t\t<div id=\"elementor-tab-content-7722\" class=\"elementor-tab-content elementor-clearfix\" data-tab=\"2\" role=\"region\" aria-labelledby=\"elementor-tab-title-7722\"><p>A\u00a0mobil sz\u00fanyogh\u00e1l\u00f3\u00a0a legkedveltebb term\u00e9kek k\u00f6z\u00e9 tartozik, mivel a fix sz\u00fanyogh\u00e1l\u00f3val ellent\u00e9tben megmarad ny\u00edl\u00e1sz\u00e1r\u00f3ink \u00e1tj\u00e1rhat\u00f3s\u00e1ga. Egy k\u00f6nnyed mozdulattal v\u00e1lik szabadd\u00e1 ablakaink ny\u00edl\u00e1sa \u00e9s az ablakok k\u00fcls\u0151 p\u00e1rk\u00e1ny\u00e1n elhelyezett vir\u00e1gl\u00e1d\u00e1k hozz\u00e1f\u00e9rhet\u0151v\u00e9 v\u00e1lnak. A tokok, a kef\u00e9zett lefut\u00f3k \u00e9s a mozgathat\u00f3 akaszt\u00f3k minden esetben alum\u00edniumb\u00f3l k\u00e9sz\u00fclnek, feh\u00e9r, s\u00f6t\u00e9t barna aranyt\u00f6lgy sz\u00ednekben. Az UV stabil \u00fcvegsz\u00e1las h\u00e1l\u00f3 feszess\u00e9g\u00e9t \u00e9s mozgathat\u00f3s\u00e1g\u00e1t a tokban elhelyezett tengelyben l\u00e9v\u0151 rug\u00f3 biztos\u00edtja. Mozgat\u00e1sa m\u00e9g gyermekek sz\u00e1m\u00e1ra is nagyon egyszer\u0171. A f\u00fcgg\u0151legesen mozgathat\u00f3 mobil sz\u00fanyogh\u00e1l\u00f3t els\u0151sorban ablakokra javasoljuk. Az ajt\u00f3kra ugyanezen elven m\u0171k\u00f6d\u0151 v\u00edzszintesen mozgathat\u00f3 sz\u00fanyogh\u00e1l\u00f3 ajt\u00f3 javasolhat\u00f3 mely m\u00e1gnes cs\u00edkokkal r\u00f6gz\u00edthet\u0151. M\u0171k\u00f6dtet\u00e9se a m\u00e1gnes cs\u00edkok old\u00e1sa miatt kiss\u00e9 neh\u00e9zkesebb mint a f\u00fcgg\u0151leges kiviteln\u00e9l, ez\u00e9rt ink\u00e1bb ritk\u00e1bb kij\u00e1r\u00e1sra haszn\u00e1lt ajt\u00f3kra javasolhat\u00f3. Gyakori kij\u00e1r\u00e1sra haszn\u00e1lt ajt\u00f3kn\u00e1l v\u00e1laszthat\u00f3, zsan\u00e9ros, plisz\u00e9 vagy tol\u00f3ajt\u00f3s sz\u00fanyogh\u00e1l\u00f3ink egyike.<\/p><\/div>\n\t\t\t\t<\/div>\n\t\t\t\t\t\t\t\t<\/div>\n\t\t\t\t\t\t<\/div>\n\t\t\t\t<\/div>\n\t\t\t\t\t<\/div>\n\t\t<\/div>\n\t\t\t\t\t<\/div>\n\t\t<\/section>\n\t\t\t\t<section class=\"elementor-section elementor-top-section elementor-element elementor-element-d029ffd elementor-section-stretched elementor-section-boxed elementor-section-height-default elementor-section-height-default\" data-id=\"d029ffd\" data-element_type=\"section\" data-e-type=\"section\" data-settings=\"{&quot;stretch_section&quot;:&quot;section-stretched&quot;,&quot;background_background&quot;:&quot;classic&quot;}\">\n\t\t\t\t\t\t\t<div class=\"elementor-background-overlay\"><\/div>\n\t\t\t\t\t\t\t<div class=\"elementor-container elementor-column-gap-default\">\n\t\t\t\t\t<div class=\"elementor-column elementor-col-100 elementor-top-column elementor-element elementor-element-45baf466\" data-id=\"45baf466\" data-element_type=\"column\" data-e-type=\"column\">\n\t\t\t<div class=\"elementor-widget-wrap elementor-element-populated\">\n\t\t\t\t\t\t<div class=\"elementor-element elementor-element-7547fb31 elementor-invisible elementor-widget elementor-widget-heading\" data-id=\"7547fb31\" data-element_type=\"widget\" data-e-type=\"widget\" data-settings=\"{&quot;_animation&quot;:&quot;pulse&quot;,&quot;_animation_delay&quot;:200}\" data-widget_type=\"heading.default\">\n\t\t\t\t<div class=\"elementor-widget-container\">\n\t\t\t\t\t<h3 class=\"elementor-heading-title elementor-size-default\">A st\u00edlusos bels\u0151 t\u00e9r kialak\u00edt\u00e1s\u00e1hoz!<\/h3>\t\t\t\t<\/div>\n\t\t\t\t<\/div>\n\t\t\t\t<div class=\"elementor-element elementor-element-7af5c328 elementor-widget elementor-widget-text-editor\" data-id=\"7af5c328\" data-element_type=\"widget\" data-e-type=\"widget\" data-widget_type=\"text-editor.default\">\n\t\t\t\t<div class=\"elementor-widget-container\">\n\t\t\t\t\t\t\t\t\t<p>A sz\u00e9les m\u00e9retv\u00e1laszt\u00e9kban k\u00e9rhet\u0151 ajt\u00f3lap, valamint a k\u00fcl\u00f6nb\u00f6z\u0151 falvastags\u00e1gokhoz egyedileg rendelhet\u0151 tok biztos\u00edtja a t\u00f6k\u00e9letes v\u00e1laszt\u00e1s lehet\u0151s\u00e9g\u00e9t.\u00a0\u00a0<\/p>\t\t\t\t\t\t\t\t<\/div>\n\t\t\t\t<\/div>\n\t\t\t\t<div class=\"elementor-element elementor-element-55d4d874 elementor-invisible elementor-widget elementor-widget-heading\" data-id=\"55d4d874\" data-element_type=\"widget\" data-e-type=\"widget\" data-settings=\"{&quot;_animation&quot;:&quot;pulse&quot;,&quot;_animation_delay&quot;:500}\" data-widget_type=\"heading.default\">\n\t\t\t\t<div class=\"elementor-widget-container\">\n\t\t\t\t\t<h4 class=\"elementor-heading-title elementor-size-default\">K\u00c9RJE EGYEDI AJ\u00c1NLATUNKAT!<\/h4>\t\t\t\t<\/div>\n\t\t\t\t<\/div>\n\t\t\t\t<div class=\"elementor-element elementor-element-722d6be7 elementor-align-center elementor-widget elementor-widget-button\" data-id=\"722d6be7\" data-element_type=\"widget\" data-e-type=\"widget\" data-widget_type=\"button.default\">\n\t\t\t\t<div class=\"elementor-widget-container\">\n\t\t\t\t\t\t\t\t\t<div class=\"elementor-button-wrapper\">\n\t\t\t\t\t<a class=\"elementor-button elementor-button-link elementor-size-sm\" href=\"https:\/\/www.megadoor.hu\/index.php\/elerhetosegeink\/\">\n\t\t\t\t\t\t<span class=\"elementor-button-content-wrapper\">\n\t\t\t\t\t\t\t\t\t<span class=\"elementor-button-text\">AJ\u00c1NLATOT K\u00c9REK<\/span>\n\t\t\t\t\t<\/span>\n\t\t\t\t\t<\/a>\n\t\t\t\t<\/div>\n\t\t\t\t\t\t\t\t<\/div>\n\t\t\t\t<\/div>\n\t\t\t\t\t<\/div>\n\t\t<\/div>\n\t\t\t\t\t<\/div>\n\t\t<\/section>\n\t\t\t\t<\/div>\n\t\t","protected":false},"excerpt":{"rendered":"<p>Sz\u00fanyogh\u00e1l\u00f3k t\u00edpusai Fix sz\u00fanyogh\u00e1l\u00f3 A&nbsp;fix sz\u00fanyogh\u00e1l\u00f3k&nbsp;a legr\u00e9gebben haszn\u00e1lt term\u00e9kek, melyek szinte t\u00f6k\u00e9letes v\u00e9delmet biztos\u00edtanak nem csak sz\u00fanyogok, legyek, darazsak, polosk\u00e1k \u00e9s k\u00fcl\u00f6nf\u00e9le m\u00e1sz\u00f3 \u00e9s rep\u00fcl\u0151 rovarok ellen, hanem a nem sz\u00edvesen l\u00e1tott egerek denev\u00e9rek \u00e9s m\u00e1s r\u00e1gcs\u00e1l\u00f3k ellen is, valamint megakad\u00e1lyozza a leveg\u0151ben sz\u00e1ll\u00f3 szennyez\u0151d\u00e9sek pl. levelek, \u00e1llatsz\u0151r\u00f6k bejut\u00e1s\u00e1t otthonunkba. A&nbsp;fix sz\u00fanyogh\u00e1l\u00f3kat&nbsp;els\u0151sorban kis ablakokra c\u00e9lszer\u0171 [&hellip;]<\/p>\n","protected":false},"author":1,"featured_media":0,"parent":0,"menu_order":0,"comment_status":"closed","ping_status":"closed","template":"","meta":{"footnotes":""},"class_list":["post-471","page","type-page","status-publish","hentry"],"_links":{"self":[{"href":"https:\/\/www.megadoor.hu\/index.php\/wp-json\/wp\/v2\/pages\/471","targetHints":{"allow":["GET"]}}],"collection":[{"href":"https:\/\/www.megadoor.hu\/index.php\/wp-json\/wp\/v2\/pages"}],"about":[{"href":"https:\/\/www.megadoor.hu\/index.php\/wp-json\/wp\/v2\/types\/page"}],"author":[{"embeddable":true,"href":"https:\/\/www.megadoor.hu\/index.php\/wp-json\/wp\/v2\/users\/1"}],"replies":[{"embeddable":true,"href":"https:\/\/www.megadoor.hu\/index.php\/wp-json\/wp\/v2\/comments?post=471"}],"version-history":[{"count":11,"href":"https:\/\/www.megadoor.hu\/index.php\/wp-json\/wp\/v2\/pages\/471\/revisions"}],"predecessor-version":[{"id":1458,"href":"https:\/\/www.megadoor.hu\/index.php\/wp-json\/wp\/v2\/pages\/471\/revisions\/1458"}],"wp:attachment":[{"href":"https:\/\/www.megadoor.hu\/index.php\/wp-json\/wp\/v2\/media?parent=471"}],"curies":[{"name":"wp","href":"https:\/\/api.w.org\/{rel}","templated":true}]}}