{"id":469,"date":"2020-09-08T19:59:29","date_gmt":"2020-09-08T19:59:29","guid":{"rendered":"https:\/\/www.megadoor.hu\/?page_id=469"},"modified":"2020-09-28T13:12:20","modified_gmt":"2020-09-28T13:12:20","slug":"redonyok","status":"publish","type":"page","link":"https:\/\/www.megadoor.hu\/index.php\/redonyok\/","title":{"rendered":"Red\u0151ny\u00f6k"},"content":{"rendered":"\t\t<div data-elementor-type=\"wp-page\" data-elementor-id=\"469\" class=\"elementor elementor-469\" data-elementor-post-type=\"page\">\n\t\t\t\t\t\t<section class=\"elementor-section elementor-top-section elementor-element elementor-element-14e94ad elementor-section-stretched elementor-section-boxed elementor-section-height-default elementor-section-height-default\" data-id=\"14e94ad\" data-element_type=\"section\" data-e-type=\"section\" data-settings=\"{&quot;stretch_section&quot;:&quot;section-stretched&quot;}\">\n\t\t\t\t\t\t<div class=\"elementor-container elementor-column-gap-default\">\n\t\t\t\t\t<div class=\"elementor-column elementor-col-100 elementor-top-column elementor-element elementor-element-ed681c2\" data-id=\"ed681c2\" data-element_type=\"column\" data-e-type=\"column\">\n\t\t\t<div class=\"elementor-widget-wrap elementor-element-populated\">\n\t\t\t\t\t\t<div class=\"elementor-element elementor-element-4f0c796 elementor-widget elementor-widget-heading\" data-id=\"4f0c796\" data-element_type=\"widget\" data-e-type=\"widget\" data-widget_type=\"heading.default\">\n\t\t\t\t<div class=\"elementor-widget-container\">\n\t\t\t\t\t<h4 class=\"elementor-heading-title elementor-size-default\">Red\u0151ny\u00f6k t\u00edpusai<\/h4>\t\t\t\t<\/div>\n\t\t\t\t<\/div>\n\t\t\t\t<div class=\"elementor-element elementor-element-54b16fb elementor-widget elementor-widget-toggle\" data-id=\"54b16fb\" data-element_type=\"widget\" data-e-type=\"widget\" data-widget_type=\"toggle.default\">\n\t\t\t\t<div class=\"elementor-widget-container\">\n\t\t\t\t\t\t\t<div class=\"elementor-toggle\">\n\t\t\t\t\t\t\t<div class=\"elementor-toggle-item\">\n\t\t\t\t\t<div id=\"elementor-tab-title-8881\" class=\"elementor-tab-title\" data-tab=\"1\" role=\"button\" aria-controls=\"elementor-tab-content-8881\" aria-expanded=\"false\">\n\t\t\t\t\t\t\t\t\t\t\t\t<span class=\"elementor-toggle-icon elementor-toggle-icon-right\" aria-hidden=\"true\">\n\t\t\t\t\t\t\t\t\t\t\t\t\t\t\t<span class=\"elementor-toggle-icon-closed\"><i class=\"fas fa-caret-down\"><\/i><\/span>\n\t\t\t\t\t\t\t\t<span class=\"elementor-toggle-icon-opened\"><i class=\"elementor-toggle-icon-opened fas fa-caret-up\"><\/i><\/span>\n\t\t\t\t\t\t\t\t\t\t\t\t\t<\/span>\n\t\t\t\t\t\t\t\t\t\t\t\t<a class=\"elementor-toggle-title\" tabindex=\"0\">M\u0171anyag red\u0151ny<\/a>\n\t\t\t\t\t<\/div>\n\n\t\t\t\t\t<div id=\"elementor-tab-content-8881\" class=\"elementor-tab-content elementor-clearfix\" data-tab=\"1\" role=\"region\" aria-labelledby=\"elementor-tab-title-8881\"><p>Az\u00a0\u00e1ltalunk forgalmazott \u00fan. redex <strong>m\u0171anyag red\u0151ny <\/strong>az alum\u00ednium red\u0151ny hasonm\u00e1s\u00e1ra k\u00e9sz\u00fclt. A red\u0151nyl\u00e9c ugyanaz, mint a hagyom\u00e1nyos m\u0171anyag red\u0151nyn\u00e9l \u00e9s a tok is, a k\u00fcl\u00f6nbs\u00e9g, hogy a tok v\u00e9ge alum\u00edniumb\u00f3l k\u00e9sz\u00fcl. A tengely f\u00e9m, a t\u00e1rcsa csap\u00e1gyas m\u0171anyag. A red\u0151ny lefut\u00f3 keskeny, a benne tal\u00e1lhat\u00f3 kefe seg\u00edts\u00e9g\u00e9vel a sz\u00e9l mozgat\u00e1s\u00e1nak hat\u00e1s\u00e1ra nem z\u00f6r\u00f6g. Az \u00fctk\u00f6z\u0151k rejtettek, emiatt nem \u00e1llnak ki az utols\u00f3 red\u0151nyl\u00e9cb\u0151l. Kombin\u00e1lhat\u00f3 mozgathat\u00f3 sz\u00fanyogh\u00e1l\u00f3val, ez esetben egy tokban van a red\u0151ny \u00e9s a sz\u00fanyogh\u00e1l\u00f3 is.<\/p><\/div>\n\t\t\t\t<\/div>\n\t\t\t\t\t\t\t<div class=\"elementor-toggle-item\">\n\t\t\t\t\t<div id=\"elementor-tab-title-8882\" class=\"elementor-tab-title\" data-tab=\"2\" role=\"button\" aria-controls=\"elementor-tab-content-8882\" aria-expanded=\"false\">\n\t\t\t\t\t\t\t\t\t\t\t\t<span class=\"elementor-toggle-icon elementor-toggle-icon-right\" aria-hidden=\"true\">\n\t\t\t\t\t\t\t\t\t\t\t\t\t\t\t<span class=\"elementor-toggle-icon-closed\"><i class=\"fas fa-caret-down\"><\/i><\/span>\n\t\t\t\t\t\t\t\t<span class=\"elementor-toggle-icon-opened\"><i class=\"elementor-toggle-icon-opened fas fa-caret-up\"><\/i><\/span>\n\t\t\t\t\t\t\t\t\t\t\t\t\t<\/span>\n\t\t\t\t\t\t\t\t\t\t\t\t<a class=\"elementor-toggle-title\" tabindex=\"0\">Alum\u00ednium red\u0151ny<\/a>\n\t\t\t\t\t<\/div>\n\n\t\t\t\t\t<div id=\"elementor-tab-content-8882\" class=\"elementor-tab-content elementor-clearfix\" data-tab=\"2\" role=\"region\" aria-labelledby=\"elementor-tab-title-8882\"><p style=\"margin: 0cm; margin-bottom: .0001pt; text-align: justify; text-justify: inter-ideograph; background: white;\"><span lang=\"HU\">Alum\u00ednium red\u0151ny a red\u0151ny motoriz\u00e1ci\u00f3ja nem csak k\u00e9nyelmi funkci\u00f3, de biztons\u00e1gi is. A ny\u00e1ri h\u00f3napokban az alured\u0151ny kellemes h\u0171v\u00f6set ny\u00fajt, ablakainkat nem \u00e9rik el a t\u0171z\u0151 napsugarak.<\/span><\/p><p style=\"margin: 0cm; margin-bottom: .0001pt; text-align: justify; text-justify: inter-ideograph; background: white;\"><span lang=\"HU\">Alum\u00ednium red\u0151nyl\u00e9c el\u0151re sz\u00ednezett alulemez s\u00e1vb\u00f3l k\u00e9sz\u00fcl profil g\u0151z\u00f6l\u00e9ssel. A red\u0151ny l\u00e9cek oldalir\u00e1ny\u00fa mozg\u00e1s\u00e1t az \u00f6sszekapcsolt, kihat\u00e1rolt elcs\u00fasz\u00e1sg\u00e1tl\u00f3 akad\u00e1lyozza meg, \u00edgy biztons\u00e1gosabb hossz\u00fa t\u00e1v\u00fa m\u0171k\u00f6d\u00e9st biztos\u00edt. A red\u0151ny p\u00e1ncel extrud\u00e1lt alum\u00ednium lefut\u00f3 s\u00ednben mozog, mely gumibet\u00e9ttel vagy kef\u00e9vel van ell\u00e1tva, \u00edgy sz\u00e9lben, viharban sem z\u00f6r\u00f6g a red\u0151ny. A red\u0151nytokban, csap\u00e1gyas alum\u00ednium tengely biztos\u00edtja, a hossz\u00fa t\u00e1v\u00fa, s\u00farl\u00f3d\u00e1smenetes m\u0171k\u00f6d\u00e9st, emellett rejtett \u00fctk\u00f6z\u0151 biztos\u00edtja a red\u0151nypal\u00e1st megakad\u00e1s\u00e1t.<\/span><\/p><\/div>\n\t\t\t\t<\/div>\n\t\t\t\t\t\t\t\t<\/div>\n\t\t\t\t\t\t<\/div>\n\t\t\t\t<\/div>\n\t\t\t\t\t<\/div>\n\t\t<\/div>\n\t\t\t\t\t<\/div>\n\t\t<\/section>\n\t\t\t\t<section class=\"elementor-section elementor-top-section elementor-element elementor-element-280743ec elementor-section-stretched elementor-section-boxed elementor-section-height-default elementor-section-height-default\" data-id=\"280743ec\" data-element_type=\"section\" data-e-type=\"section\" data-settings=\"{&quot;stretch_section&quot;:&quot;section-stretched&quot;,&quot;background_background&quot;:&quot;classic&quot;}\">\n\t\t\t\t\t\t<div class=\"elementor-container elementor-column-gap-default\">\n\t\t\t\t\t<div class=\"elementor-column elementor-col-100 elementor-top-column elementor-element elementor-element-5f16d84a\" data-id=\"5f16d84a\" data-element_type=\"column\" data-e-type=\"column\">\n\t\t\t<div class=\"elementor-widget-wrap elementor-element-populated\">\n\t\t\t\t\t\t<div class=\"elementor-element elementor-element-728dcc8f elementor-invisible elementor-widget elementor-widget-heading\" data-id=\"728dcc8f\" data-element_type=\"widget\" data-e-type=\"widget\" data-settings=\"{&quot;_animation&quot;:&quot;pulse&quot;,&quot;_animation_delay&quot;:200}\" data-widget_type=\"heading.default\">\n\t\t\t\t<div class=\"elementor-widget-container\">\n\t\t\t\t\t<h3 class=\"elementor-heading-title elementor-size-default\">Ne b\u00edzza a biztons\u00e1g\u00e1t a v\u00e9letlenlenre!<\/h3>\t\t\t\t<\/div>\n\t\t\t\t<\/div>\n\t\t\t\t<div class=\"elementor-element elementor-element-11b0ca40 elementor-widget elementor-widget-text-editor\" data-id=\"11b0ca40\" data-element_type=\"widget\" data-e-type=\"widget\" data-widget_type=\"text-editor.default\">\n\t\t\t\t<div class=\"elementor-widget-container\">\n\t\t\t\t\t\t\t\t\t<p>A Mega ajt\u00f3k nem csup\u00e1n bej\u00e1rati, hanem BIZTONS\u00c1GI ajt\u00f3k is!<\/p><p>A legjobb H\u0150- \u00e9s HANGSZIGETEL\u0150 bej\u00e1rati ajt\u00f3k!<\/p>\t\t\t\t\t\t\t\t<\/div>\n\t\t\t\t<\/div>\n\t\t\t\t<div class=\"elementor-element elementor-element-7755dbcb elementor-invisible elementor-widget elementor-widget-heading\" data-id=\"7755dbcb\" data-element_type=\"widget\" data-e-type=\"widget\" data-settings=\"{&quot;_animation&quot;:&quot;pulse&quot;,&quot;_animation_delay&quot;:500}\" data-widget_type=\"heading.default\">\n\t\t\t\t<div class=\"elementor-widget-container\">\n\t\t\t\t\t<h4 class=\"elementor-heading-title elementor-size-default\">K\u00c9RJE EGYEDI AJ\u00c1NLATUNKAT!<\/h4>\t\t\t\t<\/div>\n\t\t\t\t<\/div>\n\t\t\t\t<div class=\"elementor-element elementor-element-7839bc64 elementor-align-center elementor-widget elementor-widget-button\" data-id=\"7839bc64\" data-element_type=\"widget\" data-e-type=\"widget\" data-widget_type=\"button.default\">\n\t\t\t\t<div class=\"elementor-widget-container\">\n\t\t\t\t\t\t\t\t\t<div class=\"elementor-button-wrapper\">\n\t\t\t\t\t<a class=\"elementor-button elementor-button-link elementor-size-sm\" href=\"https:\/\/www.megadoor.hu\/index.php\/elerhetosegeink\/\">\n\t\t\t\t\t\t<span class=\"elementor-button-content-wrapper\">\n\t\t\t\t\t\t\t\t\t<span class=\"elementor-button-text\">AJ\u00c1NLATOT K\u00c9REK<\/span>\n\t\t\t\t\t<\/span>\n\t\t\t\t\t<\/a>\n\t\t\t\t<\/div>\n\t\t\t\t\t\t\t\t<\/div>\n\t\t\t\t<\/div>\n\t\t\t\t\t<\/div>\n\t\t<\/div>\n\t\t\t\t\t<\/div>\n\t\t<\/section>\n\t\t\t\t<\/div>\n\t\t","protected":false},"excerpt":{"rendered":"<p>Red\u0151ny\u00f6k t\u00edpusai M\u0171anyag red\u0151ny Az&nbsp;\u00e1ltalunk forgalmazott \u00fan. redex m\u0171anyag red\u0151ny az alum\u00ednium red\u0151ny hasonm\u00e1s\u00e1ra k\u00e9sz\u00fclt. A red\u0151nyl\u00e9c ugyanaz, mint a hagyom\u00e1nyos m\u0171anyag red\u0151nyn\u00e9l \u00e9s a tok is, a k\u00fcl\u00f6nbs\u00e9g, hogy a tok v\u00e9ge alum\u00edniumb\u00f3l k\u00e9sz\u00fcl. A tengely f\u00e9m, a t\u00e1rcsa csap\u00e1gyas m\u0171anyag. A red\u0151ny lefut\u00f3 keskeny, a benne tal\u00e1lhat\u00f3 kefe seg\u00edts\u00e9g\u00e9vel a sz\u00e9l mozgat\u00e1s\u00e1nak hat\u00e1s\u00e1ra [&hellip;]<\/p>\n","protected":false},"author":1,"featured_media":0,"parent":0,"menu_order":0,"comment_status":"closed","ping_status":"closed","template":"","meta":{"footnotes":""},"class_list":["post-469","page","type-page","status-publish","hentry"],"_links":{"self":[{"href":"https:\/\/www.megadoor.hu\/index.php\/wp-json\/wp\/v2\/pages\/469","targetHints":{"allow":["GET"]}}],"collection":[{"href":"https:\/\/www.megadoor.hu\/index.php\/wp-json\/wp\/v2\/pages"}],"about":[{"href":"https:\/\/www.megadoor.hu\/index.php\/wp-json\/wp\/v2\/types\/page"}],"author":[{"embeddable":true,"href":"https:\/\/www.megadoor.hu\/index.php\/wp-json\/wp\/v2\/users\/1"}],"replies":[{"embeddable":true,"href":"https:\/\/www.megadoor.hu\/index.php\/wp-json\/wp\/v2\/comments?post=469"}],"version-history":[{"count":16,"href":"https:\/\/www.megadoor.hu\/index.php\/wp-json\/wp\/v2\/pages\/469\/revisions"}],"predecessor-version":[{"id":1453,"href":"https:\/\/www.megadoor.hu\/index.php\/wp-json\/wp\/v2\/pages\/469\/revisions\/1453"}],"wp:attachment":[{"href":"https:\/\/www.megadoor.hu\/index.php\/wp-json\/wp\/v2\/media?parent=469"}],"curies":[{"name":"wp","href":"https:\/\/api.w.org\/{rel}","templated":true}]}}