{"id":227,"date":"2020-09-07T22:59:14","date_gmt":"2020-09-07T22:59:14","guid":{"rendered":"https:\/\/www.megadoor.hu\/?page_id=227"},"modified":"2021-11-22T12:05:49","modified_gmt":"2021-11-22T12:05:49","slug":"impresszum","status":"publish","type":"page","link":"https:\/\/www.megadoor.hu\/index.php\/impresszum\/","title":{"rendered":"IMPRESSZUM"},"content":{"rendered":"\t\t<div data-elementor-type=\"wp-page\" data-elementor-id=\"227\" class=\"elementor elementor-227\" data-elementor-post-type=\"page\">\n\t\t\t\t\t\t<section class=\"elementor-section elementor-top-section elementor-element elementor-element-5ddbf76a elementor-section-stretched elementor-section-boxed elementor-section-height-default elementor-section-height-default\" data-id=\"5ddbf76a\" data-element_type=\"section\" data-e-type=\"section\" data-settings=\"{&quot;stretch_section&quot;:&quot;section-stretched&quot;}\">\n\t\t\t\t\t\t<div class=\"elementor-container elementor-column-gap-default\">\n\t\t\t\t\t<div class=\"elementor-column elementor-col-33 elementor-top-column elementor-element elementor-element-206e3f40\" data-id=\"206e3f40\" data-element_type=\"column\" data-e-type=\"column\">\n\t\t\t<div class=\"elementor-widget-wrap elementor-element-populated\">\n\t\t\t\t\t\t<div class=\"elementor-element elementor-element-b1cd562 elementor-widget-divider--view-line elementor-widget elementor-widget-divider\" data-id=\"b1cd562\" data-element_type=\"widget\" data-e-type=\"widget\" data-widget_type=\"divider.default\">\n\t\t\t\t<div class=\"elementor-widget-container\">\n\t\t\t\t\t\t\t<div class=\"elementor-divider\">\n\t\t\t<span class=\"elementor-divider-separator\">\n\t\t\t\t\t\t<\/span>\n\t\t<\/div>\n\t\t\t\t\t\t<\/div>\n\t\t\t\t<\/div>\n\t\t\t\t\t<\/div>\n\t\t<\/div>\n\t\t\t\t<div class=\"elementor-column elementor-col-33 elementor-top-column elementor-element elementor-element-1c2d8601\" data-id=\"1c2d8601\" data-element_type=\"column\" data-e-type=\"column\">\n\t\t\t<div class=\"elementor-widget-wrap elementor-element-populated\">\n\t\t\t\t\t\t\t<\/div>\n\t\t<\/div>\n\t\t\t\t<div class=\"elementor-column elementor-col-33 elementor-top-column elementor-element elementor-element-ee3f9e\" data-id=\"ee3f9e\" data-element_type=\"column\" data-e-type=\"column\">\n\t\t\t<div class=\"elementor-widget-wrap elementor-element-populated\">\n\t\t\t\t\t\t<div class=\"elementor-element elementor-element-16871f99 elementor-widget-divider--view-line elementor-widget elementor-widget-divider\" data-id=\"16871f99\" data-element_type=\"widget\" data-e-type=\"widget\" data-widget_type=\"divider.default\">\n\t\t\t\t<div class=\"elementor-widget-container\">\n\t\t\t\t\t\t\t<div class=\"elementor-divider\">\n\t\t\t<span class=\"elementor-divider-separator\">\n\t\t\t\t\t\t<\/span>\n\t\t<\/div>\n\t\t\t\t\t\t<\/div>\n\t\t\t\t<\/div>\n\t\t\t\t\t<\/div>\n\t\t<\/div>\n\t\t\t\t\t<\/div>\n\t\t<\/section>\n\t\t\t\t<section class=\"elementor-section elementor-top-section elementor-element elementor-element-2229951 elementor-section-stretched elementor-section-boxed elementor-section-height-default elementor-section-height-default\" data-id=\"2229951\" data-element_type=\"section\" data-e-type=\"section\" data-settings=\"{&quot;stretch_section&quot;:&quot;section-stretched&quot;}\">\n\t\t\t\t\t\t<div class=\"elementor-container elementor-column-gap-default\">\n\t\t\t\t\t<div class=\"elementor-column elementor-col-100 elementor-top-column elementor-element elementor-element-b864045\" data-id=\"b864045\" data-element_type=\"column\" data-e-type=\"column\" data-settings=\"{&quot;background_background&quot;:&quot;classic&quot;}\">\n\t\t\t<div class=\"elementor-widget-wrap elementor-element-populated\">\n\t\t\t\t\t<div class=\"elementor-background-overlay\"><\/div>\n\t\t\t\t\t\t<div class=\"elementor-element elementor-element-649420d elementor-widget elementor-widget-text-editor\" data-id=\"649420d\" data-element_type=\"widget\" data-e-type=\"widget\" data-widget_type=\"text-editor.default\">\n\t\t\t\t<div class=\"elementor-widget-container\">\n\t\t\t\t\t\t\t\t\t<p>C\u00e9gn\u00e9v:\u00a0Csokoland Kereskedelmi \u00e9s Szolg\u00e1ltat\u00f3 Korl\u00e1tolt Felel\u0151ss\u00e9g\u0171 T\u00e1rsas\u00e1g<br \/>Sz\u00e9khely:\u00a03534 Miskolc, Vince u. 17.<br \/>Telefon:\u00a0 +36-46-321-298<br \/>E-mail:\u00a0ajto@megadoor.t-online.hu<br \/>Webc\u00edm:\u00a0https:\/\/www.megadoor.hu\/<br \/>C\u00e9gjegyz\u00e9ksz\u00e1m:\u00a005-09-006667<br \/>Ad\u00f3sz\u00e1m:\u00a011584799-2-05<br \/>Kamara:\u00a0Borsod-Aba\u00faj-Zempl\u00e9n Megyei Kereskedelmi \u00e9s Iparkamara<br \/>T\u00e1rhelyszolg\u00e1ltat\u00f3:\u00a0R\u00e9mi\u00e1s R\u00f3bert e.v., 37562281,\u00a03534 Miskolc Benedek Elek utca 7. 1\/1.\u00a0Ad\u00f3sz\u00e1m: 66681092-1-25\u00a0Email:\u00a0<a href=\"mailto:info@itserv.hu\" target=\"_blank\" rel=\"noopener\">info@itserv.hu<\/a><\/p>\t\t\t\t\t\t\t\t<\/div>\n\t\t\t\t<\/div>\n\t\t\t\t\t<\/div>\n\t\t<\/div>\n\t\t\t\t\t<\/div>\n\t\t<\/section>\n\t\t\t\t<section class=\"elementor-section elementor-top-section elementor-element elementor-element-36715b43 elementor-section-stretched elementor-section-boxed elementor-section-height-default elementor-section-height-default\" data-id=\"36715b43\" data-element_type=\"section\" data-e-type=\"section\" data-settings=\"{&quot;stretch_section&quot;:&quot;section-stretched&quot;,&quot;background_background&quot;:&quot;classic&quot;}\">\n\t\t\t\t\t\t\t<div class=\"elementor-background-overlay\"><\/div>\n\t\t\t\t\t\t\t<div class=\"elementor-container elementor-column-gap-default\">\n\t\t\t\t\t<div class=\"elementor-column elementor-col-100 elementor-top-column elementor-element elementor-element-2aea8ca9\" data-id=\"2aea8ca9\" data-element_type=\"column\" data-e-type=\"column\">\n\t\t\t<div class=\"elementor-widget-wrap elementor-element-populated\">\n\t\t\t\t\t\t<div class=\"elementor-element elementor-element-747488fc elementor-invisible elementor-widget elementor-widget-heading\" data-id=\"747488fc\" data-element_type=\"widget\" data-e-type=\"widget\" data-settings=\"{&quot;_animation&quot;:&quot;pulse&quot;,&quot;_animation_delay&quot;:200}\" data-widget_type=\"heading.default\">\n\t\t\t\t<div class=\"elementor-widget-container\">\n\t\t\t\t\t<h3 class=\"elementor-heading-title elementor-size-default\">A st\u00edlusos bels\u0151 t\u00e9r kialak\u00edt\u00e1s\u00e1hoz!<\/h3>\t\t\t\t<\/div>\n\t\t\t\t<\/div>\n\t\t\t\t<div class=\"elementor-element elementor-element-85fd646 elementor-widget elementor-widget-text-editor\" data-id=\"85fd646\" data-element_type=\"widget\" data-e-type=\"widget\" data-widget_type=\"text-editor.default\">\n\t\t\t\t<div class=\"elementor-widget-container\">\n\t\t\t\t\t\t\t\t\t<p>A sz\u00e9les m\u00e9retv\u00e1laszt\u00e9kban k\u00e9rhet\u0151 ajt\u00f3lap, valamint a k\u00fcl\u00f6nb\u00f6z\u0151 falvastags\u00e1gokhoz egyedileg rendelhet\u0151 tok biztos\u00edtja a t\u00f6k\u00e9letes v\u00e1laszt\u00e1s lehet\u0151s\u00e9g\u00e9t.\u00a0\u00a0<\/p>\t\t\t\t\t\t\t\t<\/div>\n\t\t\t\t<\/div>\n\t\t\t\t<div class=\"elementor-element elementor-element-3faf09f0 elementor-invisible elementor-widget elementor-widget-heading\" data-id=\"3faf09f0\" data-element_type=\"widget\" data-e-type=\"widget\" data-settings=\"{&quot;_animation&quot;:&quot;pulse&quot;,&quot;_animation_delay&quot;:500}\" data-widget_type=\"heading.default\">\n\t\t\t\t<div class=\"elementor-widget-container\">\n\t\t\t\t\t<h4 class=\"elementor-heading-title elementor-size-default\">K\u00c9RJE EGYEDI AJ\u00c1NLATUNKAT!<\/h4>\t\t\t\t<\/div>\n\t\t\t\t<\/div>\n\t\t\t\t<div class=\"elementor-element elementor-element-10145289 elementor-align-center elementor-widget elementor-widget-button\" data-id=\"10145289\" data-element_type=\"widget\" data-e-type=\"widget\" data-widget_type=\"button.default\">\n\t\t\t\t<div class=\"elementor-widget-container\">\n\t\t\t\t\t\t\t\t\t<div class=\"elementor-button-wrapper\">\n\t\t\t\t\t<a class=\"elementor-button elementor-button-link elementor-size-sm\" href=\"https:\/\/www.megadoor.hu\/index.php\/elerhetosegeink\/\">\n\t\t\t\t\t\t<span class=\"elementor-button-content-wrapper\">\n\t\t\t\t\t\t\t\t\t<span class=\"elementor-button-text\">AJ\u00c1NLATOT K\u00c9REK<\/span>\n\t\t\t\t\t<\/span>\n\t\t\t\t\t<\/a>\n\t\t\t\t<\/div>\n\t\t\t\t\t\t\t\t<\/div>\n\t\t\t\t<\/div>\n\t\t\t\t\t<\/div>\n\t\t<\/div>\n\t\t\t\t\t<\/div>\n\t\t<\/section>\n\t\t\t\t<\/div>\n\t\t","protected":false},"excerpt":{"rendered":"<p>C\u00e9gn\u00e9v:\u00a0Csokoland Kereskedelmi \u00e9s Szolg\u00e1ltat\u00f3 Korl\u00e1tolt Felel\u0151ss\u00e9g\u0171 T\u00e1rsas\u00e1gSz\u00e9khely:\u00a03534 Miskolc, Vince u. 17.Telefon:\u00a0 +36-46-321-298E-mail:\u00a0ajto@megadoor.t-online.huWebc\u00edm:\u00a0https:\/\/www.megadoor.hu\/C\u00e9gjegyz\u00e9ksz\u00e1m:\u00a005-09-006667Ad\u00f3sz\u00e1m:\u00a011584799-2-05Kamara:\u00a0Borsod-Aba\u00faj-Zempl\u00e9n Megyei Kereskedelmi \u00e9s IparkamaraT\u00e1rhelyszolg\u00e1ltat\u00f3:\u00a0R\u00e9mi\u00e1s R\u00f3bert e.v., 37562281,\u00a03534 Miskolc Benedek Elek utca 7. 1\/1.\u00a0Ad\u00f3sz\u00e1m: 66681092-1-25\u00a0Email:\u00a0info@itserv.hu A st\u00edlusos bels\u0151 t\u00e9r kialak\u00edt\u00e1s\u00e1hoz! A sz\u00e9les m\u00e9retv\u00e1laszt\u00e9kban k\u00e9rhet\u0151 ajt\u00f3lap, valamint a k\u00fcl\u00f6nb\u00f6z\u0151 falvastags\u00e1gokhoz egyedileg rendelhet\u0151 tok biztos\u00edtja a t\u00f6k\u00e9letes v\u00e1laszt\u00e1s lehet\u0151s\u00e9g\u00e9t.\u00a0\u00a0 K\u00c9RJE EGYEDI AJ\u00c1NLATUNKAT! AJ\u00c1NLATOT K\u00c9REK<\/p>\n","protected":false},"author":1,"featured_media":0,"parent":0,"menu_order":0,"comment_status":"closed","ping_status":"closed","template":"","meta":{"footnotes":""},"class_list":["post-227","page","type-page","status-publish","hentry"],"_links":{"self":[{"href":"https:\/\/www.megadoor.hu\/index.php\/wp-json\/wp\/v2\/pages\/227","targetHints":{"allow":["GET"]}}],"collection":[{"href":"https:\/\/www.megadoor.hu\/index.php\/wp-json\/wp\/v2\/pages"}],"about":[{"href":"https:\/\/www.megadoor.hu\/index.php\/wp-json\/wp\/v2\/types\/page"}],"author":[{"embeddable":true,"href":"https:\/\/www.megadoor.hu\/index.php\/wp-json\/wp\/v2\/users\/1"}],"replies":[{"embeddable":true,"href":"https:\/\/www.megadoor.hu\/index.php\/wp-json\/wp\/v2\/comments?post=227"}],"version-history":[{"count":13,"href":"https:\/\/www.megadoor.hu\/index.php\/wp-json\/wp\/v2\/pages\/227\/revisions"}],"predecessor-version":[{"id":5983,"href":"https:\/\/www.megadoor.hu\/index.php\/wp-json\/wp\/v2\/pages\/227\/revisions\/5983"}],"wp:attachment":[{"href":"https:\/\/www.megadoor.hu\/index.php\/wp-json\/wp\/v2\/media?parent=227"}],"curies":[{"name":"wp","href":"https:\/\/api.w.org\/{rel}","templated":true}]}}